. Let y = -9 + -37. Let a = j - y. Is a a composite number?
False
Let w be (-24)/(-9)*3 + -3. Suppose -2*t = -w*t + 207. Is t composite?
True
Suppose -4*i = -4, -3*i - 164 = -2*s + s. Let y = 44 + s. Is y a prime number?
True
Suppose -3*q = -v - 14, -4*q + 35 = q - 4*v. Suppose -2*c + 2*m = -424, -5*c - q*m + 0*m = -1084. Is c prime?
False
Suppose -2*w + 3432 + 7546 = 0. Is w composite?
True
Let w = 561 + 50. Is w a prime number?
False
Let o(j) be the second derivative of -j**5/20 - j**4/2 - j**3/6 - 2*j**2 - 3*j. Let c be o(-5). Let b = c - -155. Is b a composite number?
False
Suppose n + 2 + 7 = 2*d, -15 = -5*d - 5*n. Suppose -h + 21 = -3*g - d, 5*g = -h - 7. Is h composite?
False
Suppose 0 = -2*r - 1 + 9. Suppose -573 = s - r*s. Is s a composite number?
False
Let c(i) = -i - 2. Is c(-5) prime?
True
Suppose 0*n = -2*n + 2. Let y be (-1)/n*1*0. Suppose 0 = 3*o + 2*a - 40, -5*o - 5*a + 66 + 9 = y. Is o a composite number?
True
Suppose 7 = 4*m - 9. Let w be 3 + -4 + m*1. Suppose -w*u + 115 = 2*u. Is u composite?
False
Let y = -9 - -17. Let d = 12 - y. Suppose -114 = -d*o + 74. Is o a composite number?
False
Let b = -12 + 26. Suppose -4*g = -b - 6. Suppose 0 = -4*k - 2 - 6, 0 = -5*c + g*k + 455. Is c prime?
True
Let r be -51 - (-1 + 1)/(-3). Let w = -4 - r. Is w a composite number?
False
Let n(y) = -7*y + 7. Suppose 2*z + 5*j = -13, 0*z + 21 = z - 3*j. Let t = -6 - z. Is n(t) prime?
False
Let l(u) = -2 + 4 + u + u**2 - 2*u. Is l(8) prime?
False
Suppose 3*f - 4*n = 4, -3*n + 7 = 1. Suppose m + f*r + 15 = 0, 4*r - 15 = -5*m - 42. Is m/5 + 1396/10 prime?
True
Let h(z) = -7*z - 8. Suppose 4*w - 7 = 5*w. Let k be h(w). Let n = 75 - k. Is n a prime number?
False
Let j be ((-2)/(-5))/((-4)/20). Let m(s) = -9*s - 3. Let i be m(j). Is 67/5 - 6/i prime?
True
Let f(x) = -43*x + 24. Is f(-5) a composite number?
False
Suppose 8*a - 4*a = -28. Let p = 12 + a. Suppose -t = 5, -p*t - 15 + 2 = 3*n. Is n a composite number?
True
Let a(g) = -2*g**2 - 12*g - 1. Let n(b) = -b**2 - 6*b - 1. Let x(y) = 3*a(y) - 5*n(y). Let i be x(-6). Is 12 - 3*i/3 a prime number?
False
Let o(t) = -t**2 - 8*t + 4. Let d be o(-9). Let c = d + 15. Is c composite?
True
Suppose 3*r = -4*v + 8, 4*v + 2*r - 6 = 2*v. Let t(w) = -96*w**3 + w**2 + w + 1. Is t(v) composite?
False
Let c(u) = 25*u**3 - 3*u**2 + u + 1. Suppose 5*y - 242 = 3*t - 89, 0 = 4*t - 16. Let p be (-1)/(-6) - y/(-18). Is c(p) composite?
False
Let s(n) = -n**2 - 3*n - 3. Let g be s(-4). Let v(i) = -10*i + 5. Let b be v(g). Suppose 0*h + 15 = h + 2*w, 5*h = 3*w + b. Is h prime?
False
Let a = 3 + 1. Let w(q) = 2*q**2 + 2*q + 1. Let r(i) = -5*i**2 - 5*i - 4. Let n(x) = a*r(x) + 11*w(x). Is n(-4) a composite number?
False
Let t = -246 - -117. Let q = 230 - t. Is q prime?
True
Let k(i) = i**2 - 11*i - 7. Is k(13) a prime number?
True
Let s = 1 - -5. Let q(x) = x**3 + 2*x - x - s + 4 + 7*x**2. Is q(-3) a composite number?
False
Let p = 18 + 155. Let d = 300 - p. Is d composite?
False
Suppose 216 = -4*h - 0. Let j = h + 76. Is j prime?
False
Suppose 4*g + 5 = -7. Is (20/(-12))/(g/117) a prime number?
False
Suppose -5*p + 34 = 224. Let l = -20 - p. Is (8/6)/(4/l) composite?
True
Let d(y) = -3*y**2 + 6*y - 2. Let b be d(5). Let n = 73 + b. Is n a prime number?
False
Suppose 3 = 5*y - 2*y. Is 44*y*34/8 a composite number?
True
Suppose -5*k = -4*o + 15, 3 - 2 = k. Suppose 2*s - 2 = 0, 5*s + 21 = o*m - 9. Is m a composite number?
False
Let o be 2/5 + (-74)/10. Let k = o - 2. Let p = 16 + k. Is p a prime number?
True
Suppose -4*f = g - f + 9, 15 = 3*g - 5*f. Let y = 109 + g. Suppose -y + 3 = -2*j. Is j prime?
True
Let w = 2887 - 1735. Suppose w + 16 = 4*s. Suppose -361 = o - 6*o - 3*l, -4*o - 4*l + s = 0. Is o a composite number?
False
Let t(q) = -2*q - 3. Let a be t(-2). Suppose 2*w - 11 = -d - a, -3*d + 6 = 0. Let l(j) = j**3 - 3*j**2 + 5*j - 1. Is l(w) a composite number?
True
Let v = -3 + 7. Is 107/2 + (-2)/v a prime number?
True
Let j be (2/3)/(2/1338). Is (j/4)/((-3)/(-6)) a composite number?
False
Is (-4)/(32/(-182)) + 1/4 prime?
True
Let t = -3 - -5. Suppose -t*b - 50 = -168. Is b composite?
False
Let f = 223 - -36. Is f composite?
True
Suppose h - 14 - 728 = -c, -c = 4*h - 2959. Is h a prime number?
True
Let v be (-163)/(-5) - 2/(-5). Suppose -2*z + v = -5*n - 3, 19 = z - 3*n. Is z prime?
True
Let a = 154 + 169. Let r = -194 + a. Let v = -50 + r. Is v a composite number?
False
Let l = -4969 + 10874. Is l composite?
True
Let d(v) = v**3 + 4*v**2 + 3. Let g be d(3). Is 2496/g + (-2)/(-11) a prime number?
False
Suppose -v + 3*b - 4*b = -3, 0 = -v + b + 7. Suppose v*w - 338 = -s - 63, 0 = w - 2. Is s composite?
True
Let o(c) = 2*c**2 + 9*c + 1. Is o(-6) composite?
False
Suppose 3*d + 124 + 225 = 2*w, 0 = -4*w - d + 691. Let h = 255 - w. Is h a prime number?
False
Let t(a) = a**3 + 21*a**2 + 24*a - 7. Is t(-19) a composite number?
True
Let d(c) = 43*c**3 + 5*c**2 + 4*c - 7. Let i(s) = s**3 + s**2 + s - 1. Let w(v) = -d(v) + 6*i(v). Is w(-1) a prime number?
True
Let k(g) = -725*g**3 + g**2 + 2*g + 1. Let r be k(-1). Is r/10*(1 - -1) prime?
False
Suppose -u + 5*q - 4*q = -195, 3*q + 193 = u. Suppose 4*f + 340 = 5*y, y - 4*y = -4*f - u. Let m = 11 + y. Is m a prime number?
True
Is -1 + -2 + 264 + 4 composite?
True
Suppose -5*o - 4*n + 12300 = -o, 8 = 2*n. Is o composite?
True
Is (-381)/(-2)*(-6)/(-9) a composite number?
False
Suppose 2*w - 15 = 63. Is w a prime number?
False
Let i be (-2)/4*1*-8. Suppose 5*q + 27 - 332 = 5*b, -i*b - 185 = -3*q. Suppose -2*n + 3*y = -q, y - 52 = -4*n + 101. Is n composite?
False
Suppose 2*y = 5*y. Let g be -1 - y - (-30)/(-3). Is (g/3)/((-1)/3) a composite number?
False
Suppose 0 = w - 2*y - 17, 49 = 3*w - 5*y - 0*y. Is w prime?
True
Suppose 0*s = 2*t + s - 4, -4*t = -3*s - 8. Suppose 2*x - 3 - 2 = -v, -5*v = -t*x - 13. Suppose -v*j - 94 = -5*j. Is j prime?
True
Suppose 3 = -i + 4. Let g = i - 82. Let c = g - -114. Is c composite?
True
Let s(q) = 19*q**3 + 2*q - 5. Is s(4) composite?
True
Let u(c) = -c - 5. Let k be u(-5). Suppose 2*j - 4*j + 178 = k. Is j composite?
False
Suppose -3*q + 2*q - 5*p = -11, -5*p + 29 = 4*q. Is (-4)/q - 11/(-3) prime?
True
Let l be 1893/(-6) + (-1)/2. Is l/(-6)*(-3)/(-2) prime?
True
Suppose 278 + 261 = 7*s. Is s prime?
False
Suppose -2*m = 2*z + 36, -2*m + 18 = -3*m + 2*z. Is 9/(m/(-8)) + 777 a composite number?
True
Suppose -6*b - 15638 = -20*b. Is b a prime number?
True
Let s = -7 + 10. Suppose 5*a = 0, 4*m - s*a - a = 620. Is m prime?
False
Suppose 5*z = -7 + 112. Suppose 0 = 5*v - 2*v - z. Is v prime?
True
Suppose 5*y - 4690 = 5*c, -2*y + 3743 = 2*y + 5*c. Is y a prime number?
True
Let u(n) = 91*n**2 - 2*n - 1. Let d be u(-1). Let q be (-21)/(-6) - (-2)/(-4). Suppose 0*i = -z - 3*i + d, q*i = 5*z - 370. Is z a prime number?
False
Let a be (14 + 1)*10/(-25). Let s = a + 6. Suppose -4*o + 36 + 160 = s. Is o composite?
True
Suppose 3*v + 0*v + 5*f - 16 = 0, 4 = 4*v - 2*f. Suppose -v - 109 = -3*c. Is c composite?
False
Let n be ((-16)/6 - -2)*-3. Suppose 4*v - 62 = n*v. Is v prime?
True
Suppose -391 = h + 287. Is (h/(-24))/(1/4) composite?
False
Let c = 193 + 66. Is c composite?
True
Let o be (-38 - (-2 - -2))*-4. Suppose 5*t = q + 3*q + 193, -2*q = -4*t + o. Is t prime?
True
Let b be 4/(-14) - 26/7. Let y(d) = -6*d + 4. Let f be y(b). Is 3604/f - (-2)/7 composite?
True
Let c(t) = 17*t + 28. Is c(23) composite?
False
Let v(c) = -c**3 - 9*c**2 - 8*c + 2. Let y be v(-8). Suppose -i = 3*m + y*i, 4*i + 16 = 0. Suppose 0*p - p - a + 91 = 0, -2*p + 174 = m*a. Is p prime?
False
Suppose 0 = 5*b - 120. Let d = b - -55. Is d prime?
True
Let z(y) = 14*y - 2. Is z(14) a prime number?
False
Suppose 5*n + 2*d = 3*d + 24, 4*d + 36 = 5*n. Suppose 0 = 3*y + n*s - 9 - 154, -4*y = s - 200. Is y composite?
True
Let z(c) = -2471*c - 21. Is z(-4) a prime number?
False
Let f = -2 + 6. Suppose f*j - 234 = 50. Is j prime?
True
Suppose 11*x + 313 = 12*x. Let s = x - 164. Is s composite?
False
Let t = 524 + -339. Is t prime?
False
Let z(q) = 4*q**2 - 4*q - 19. Is z(7) a composite number?
False
Let w(q) = -q**3 - 2*q - 4. Let x = -21 + 16. Is w(x) prime?
True
Let b = 1 - -4. Let v be 3/((-3)/(-25))*b. Let c = v + -66. Is c a composite number?
False
Suppose 2*r - 4*r - l = -2025, 0 = -2*r - 4*l + 2